{"id":1747,"date":"2019-06-06T19:10:23","date_gmt":"2019-06-06T17:10:23","guid":{"rendered":"http:\/\/deutsch.bashariyat.org\/?page_id=1747"},"modified":"2019-06-06T19:10:23","modified_gmt":"2019-06-06T17:10:23","slug":"die-17-entwicklungsziele-der-agenda-2030","status":"publish","type":"page","link":"https:\/\/deutsch.bashariyat.org\/?page_id=1747","title":{"rendered":"Die 17 Entwicklungsziele der Agenda 2030"},"content":{"rendered":"<p>Ziel 1: Armut in allen ihren Formen und \u00fcberall beenden<\/p>\n<p>Ziel 2: Den Hunger beenden, Ern\u00e4hrungssicherheit und eine bessere Ern\u00e4hrung erreichen und eine nachhaltige Landwirtschaft f\u00f6rdern<\/p>\n<p>Ziel 3: Ein gesundes Leben f\u00fcr alle Menschen jeden Alters gew\u00e4hrleisten und ihr Wohlergehen f\u00f6rdern<\/p>\n<p>Ziel 4: Inklusive, gleichberechtigte und hochwertige Bildung gew\u00e4hrleisten und M\u00f6glichkeiten lebenslangen Lernens f\u00fcr alle f\u00f6rdern<\/p>\n<p>Ziel 5: Geschlechtergleichstellung erreichen und alle Frauen und M\u00e4dchen zur Selbstbestimmung bef\u00e4higen<\/p>\n<p>Ziel 6: Verf\u00fcgbarkeit und nachhaltige Bewirtschaftung von Wasser und Sanit\u00e4rversorgung f\u00fcr alle gew\u00e4hrleisten.<\/p>\n<p>Ziel 7: Zugang zu bezahlbarer, verl\u00e4sslicher, nachhaltiger und moderner Energie f\u00fcr alle sichern<\/p>\n<p>Ziel 8: Dauerhaftes, breitenwirksames und nachhaltiges Wirtschaftswachstum, produktive Vollbesch\u00e4ftigung und menschenw\u00fcrdige Arbeit f\u00fcr alle f\u00f6rdern<\/p>\n<p>Ziel 9: Eine widerstandsf\u00e4hige Infrastruktur aufbauen, breitenwirksame und nachhaltige Industrialisierung f\u00f6rdern und Innovationen unterst\u00fctzen<\/p>\n<p>Ziel 10: Ungleichheit in und zwischen L\u00e4ndern verringern<\/p>\n<p>Ziel 11: St\u00e4dte und Siedlungen inklusiv, sicher, widerstandsf\u00e4hig und nachhaltig gestalten<\/p>\n<p>Ziel 12: Nachhaltige Konsum- und Produktionsmuster sicherstellen<\/p>\n<p>Ziel 13: Umgehend Ma\u00dfnahmen zur Bek\u00e4mpfung des Klimawandels und seiner Auswirklungen ergreifen*<\/p>\n<p>Ziel 14: Ozeane, Meere und Meeresressourcen im Sinne nachhaltiger Entwicklung erhalten und nachhaltig nutzen<\/p>\n<p>Ziel 15: Land\u00f6k\u00f6systeme sch\u00fctzen, wiederherstellen und ihre nachhaltige Nutzung f\u00f6rdern, W\u00e4lder nachhaltig bewirtschaften, W\u00fcstenbildung bek\u00e4mpfen, Bodendegradation beenden und umkehren und dem Verlust der biologischen Vielfalt ein Ende setzen<\/p>\n<p>Ziel 16: Friedliche und inklusive Gesellschaften f\u00fcr eine nachhaltige Entwicklung f\u00f6rdern, allen Menschen Zugang zur Justiz erm\u00f6glichen und leistungsf\u00e4hige, rechenschaftspflichtige und inklusive Institutionen auf allen Ebenen aufbauen<\/p>\n<p>Ziel 17: Umsetzungsmittel st\u00e4rken und die Globale Partnerschaft f\u00fcr nachhaltige Entwicklung mit neuem Leben erf\u00fcllen<\/p>\n","protected":false},"excerpt":{"rendered":"<p>Ziel 1: Armut in allen ihren Formen und \u00fcberall beenden Ziel 2: Den Hunger beenden, Ern\u00e4hrungssicherheit und eine bessere Ern\u00e4hrung erreichen und eine nachhaltige Landwirtschaft f\u00f6rdern Ziel 3: Ein gesundes Leben f\u00fcr alle Menschen jeden Alters gew\u00e4hrleisten und ihr Wohlergehen f\u00f6rdern Ziel 4: Inklusive, gleichberechtigte und hochwertige Bildung gew\u00e4hrleisten und M\u00f6glichkeiten lebenslangen Lernens f\u00fcr alle &hellip; <\/p>\n<p><a class=\"more-link btn\" href=\"https:\/\/deutsch.bashariyat.org\/?page_id=1747\">Weiterlesen<\/a><\/p>\n","protected":false},"author":4,"featured_media":0,"parent":46,"menu_order":0,"comment_status":"closed","ping_status":"closed","template":"","meta":{"footnotes":""},"class_list":["post-1747","page","type-page","status-publish","hentry","nodate","item-wrap"],"_links":{"self":[{"href":"https:\/\/deutsch.bashariyat.org\/index.php?rest_route=\/wp\/v2\/pages\/1747","targetHints":{"allow":["GET"]}}],"collection":[{"href":"https:\/\/deutsch.bashariyat.org\/index.php?rest_route=\/wp\/v2\/pages"}],"about":[{"href":"https:\/\/deutsch.bashariyat.org\/index.php?rest_route=\/wp\/v2\/types\/page"}],"author":[{"embeddable":true,"href":"https:\/\/deutsch.bashariyat.org\/index.php?rest_route=\/wp\/v2\/users\/4"}],"replies":[{"embeddable":true,"href":"https:\/\/deutsch.bashariyat.org\/index.php?rest_route=%2Fwp%2Fv2%2Fcomments&post=1747"}],"version-history":[{"count":1,"href":"https:\/\/deutsch.bashariyat.org\/index.php?rest_route=\/wp\/v2\/pages\/1747\/revisions"}],"predecessor-version":[{"id":1748,"href":"https:\/\/deutsch.bashariyat.org\/index.php?rest_route=\/wp\/v2\/pages\/1747\/revisions\/1748"}],"up":[{"embeddable":true,"href":"https:\/\/deutsch.bashariyat.org\/index.php?rest_route=\/wp\/v2\/pages\/46"}],"wp:attachment":[{"href":"https:\/\/deutsch.bashariyat.org\/index.php?rest_route=%2Fwp%2Fv2%2Fmedia&parent=1747"}],"curies":[{"name":"wp","href":"https:\/\/api.w.org\/{rel}","templated":true}]}}