{"id":2050,"date":"2021-09-11T00:52:51","date_gmt":"2021-09-10T22:52:51","guid":{"rendered":"http:\/\/deutsch.bashariyat.org\/?page_id=2050"},"modified":"2021-09-11T16:12:07","modified_gmt":"2021-09-11T14:12:07","slug":"ueber-uns","status":"publish","type":"page","link":"https:\/\/deutsch.bashariyat.org\/?page_id=2050","title":{"rendered":"\u00dcber uns"},"content":{"rendered":"<ul>\n<li>Einf\u00fchrung der Vereinigung zur Verteidigung der Menschenrechte im Iran und ihre Aktivit\u00e4ten<\/li>\n<li>Iranische Freiheitsk\u00e4mpfer und Menschenrechtsaktivisten<\/li>\n<li>Das Menschenrechtsverteidiger-Institut im Iran-Statut<\/li>\n<li><a href=\"https:\/\/fa.wikipedia.org\/wiki\/%DA%A9%D8%A7%D9%86%D9%88%D9%86_%D8%AF%D9%81%D8%A7%D8%B9_%D8%A7%D8%B2_%D8%AD%D9%82%D9%88%D9%82_%D8%A8%D8%B4%D8%B1_%D8%AF%D8%B1_%D8%A7%DB%8C%D8%B1%D8%A7%D9%86\">Wir sind in WikiPedia<\/a><\/li>\n<li><a href=\"https:\/\/bashariyat.org\/?page_id=1960\">Kalender der j\u00e4hrlichen Aktivit\u00e4ten des Zentrums<\/a><\/li>\n<li><a href=\"https:\/\/bashariyat.org\/?page_id=76\">Mitgliedschaft<\/a><\/li>\n<\/ul>\n","protected":false},"excerpt":{"rendered":"<p>Einf\u00fchrung der Vereinigung zur Verteidigung der Menschenrechte im Iran und ihre Aktivit\u00e4ten Iranische Freiheitsk\u00e4mpfer und Menschenrechtsaktivisten Das Menschenrechtsverteidiger-Institut im Iran-Statut Wir sind in WikiPedia Kalender der j\u00e4hrlichen Aktivit\u00e4ten des Zentrums Mitgliedschaft<\/p>\n","protected":false},"author":4,"featured_media":0,"parent":0,"menu_order":0,"comment_status":"closed","ping_status":"closed","template":"","meta":{"footnotes":""},"class_list":["post-2050","page","type-page","status-publish","hentry","nodate","item-wrap"],"_links":{"self":[{"href":"https:\/\/deutsch.bashariyat.org\/index.php?rest_route=\/wp\/v2\/pages\/2050","targetHints":{"allow":["GET"]}}],"collection":[{"href":"https:\/\/deutsch.bashariyat.org\/index.php?rest_route=\/wp\/v2\/pages"}],"about":[{"href":"https:\/\/deutsch.bashariyat.org\/index.php?rest_route=\/wp\/v2\/types\/page"}],"author":[{"embeddable":true,"href":"https:\/\/deutsch.bashariyat.org\/index.php?rest_route=\/wp\/v2\/users\/4"}],"replies":[{"embeddable":true,"href":"https:\/\/deutsch.bashariyat.org\/index.php?rest_route=%2Fwp%2Fv2%2Fcomments&post=2050"}],"version-history":[{"count":4,"href":"https:\/\/deutsch.bashariyat.org\/index.php?rest_route=\/wp\/v2\/pages\/2050\/revisions"}],"predecessor-version":[{"id":5072,"href":"https:\/\/deutsch.bashariyat.org\/index.php?rest_route=\/wp\/v2\/pages\/2050\/revisions\/5072"}],"wp:attachment":[{"href":"https:\/\/deutsch.bashariyat.org\/index.php?rest_route=%2Fwp%2Fv2%2Fmedia&parent=2050"}],"curies":[{"name":"wp","href":"https:\/\/api.w.org\/{rel}","templated":true}]}}